{"id":1669,"date":"2023-11-12T19:40:54","date_gmt":"2023-11-12T16:40:54","guid":{"rendered":"https:\/\/animatsuri.baka.ee\/2023\/?page_id=1669"},"modified":"2023-11-19T23:07:34","modified_gmt":"2023-11-19T20:07:34","slug":"toitlustus","status":"publish","type":"page","link":"https:\/\/animatsuri.eu\/2023\/?page_id=1669","title":{"rendered":"Toitlustus"},"content":{"rendered":"\t\t<div data-elementor-type=\"wp-page\" data-elementor-id=\"1669\" class=\"elementor elementor-1669\">\n\t\t\t\t\t\t<section class=\"elementor-section elementor-top-section elementor-element elementor-element-465724a1 elementor-section-full_width elementor-section-stretched elementor-section-height-default elementor-section-height-default\" data-id=\"465724a1\" data-element_type=\"section\" data-settings=\"{&quot;stretch_section&quot;:&quot;section-stretched&quot;}\">\n\t\t\t\t\t\t<div class=\"elementor-container elementor-column-gap-no\">\n\t\t\t\t\t<div class=\"elementor-column elementor-col-100 elementor-top-column elementor-element elementor-element-77207ce5\" data-id=\"77207ce5\" data-element_type=\"column\">\n\t\t\t<div class=\"elementor-widget-wrap elementor-element-populated\">\n\t\t\t\t\t\t<div class=\"elementor-element elementor-element-5f64242f elementor-widget__width-inherit elementor-widget elementor-widget-image\" data-id=\"5f64242f\" data-element_type=\"widget\" data-widget_type=\"image.default\">\n\t\t\t\t<div class=\"elementor-widget-container\">\n\t\t\t<style>\/*! elementor - v3.20.0 - 26-03-2024 *\/\n.elementor-widget-image{text-align:center}.elementor-widget-image a{display:inline-block}.elementor-widget-image a img[src$=\".svg\"]{width:48px}.elementor-widget-image img{vertical-align:middle;display:inline-block}<\/style>\t\t\t\t\t\t\t\t\t\t<img fetchpriority=\"high\" decoding=\"async\" width=\"1920\" height=\"533\" src=\"https:\/\/animatsuri.eu\/2023\/wp-content\/uploads\/2023\/11\/soomine.png\" class=\"attachment-full size-full wp-image-1672\" alt=\"\" srcset=\"https:\/\/animatsuri.eu\/2023\/wp-content\/uploads\/2023\/11\/soomine.png 1920w, https:\/\/animatsuri.eu\/2023\/wp-content\/uploads\/2023\/11\/soomine-300x83.png 300w, https:\/\/animatsuri.eu\/2023\/wp-content\/uploads\/2023\/11\/soomine-1024x284.png 1024w, https:\/\/animatsuri.eu\/2023\/wp-content\/uploads\/2023\/11\/soomine-768x213.png 768w, https:\/\/animatsuri.eu\/2023\/wp-content\/uploads\/2023\/11\/soomine-1536x426.png 1536w, https:\/\/animatsuri.eu\/2023\/wp-content\/uploads\/2023\/11\/soomine-1200x333.png 1200w\" sizes=\"(max-width: 1920px) 100vw, 1920px\" \/>\t\t\t\t\t\t\t\t\t\t\t\t\t<\/div>\n\t\t\t\t<\/div>\n\t\t\t\t\t<\/div>\n\t\t<\/div>\n\t\t\t\t\t<\/div>\n\t\t<\/section>\n\t\t\t\t<section class=\"elementor-section elementor-top-section elementor-element elementor-element-5da8da91 elementor-section-boxed elementor-section-height-default elementor-section-height-default\" data-id=\"5da8da91\" data-element_type=\"section\">\n\t\t\t\t\t\t<div class=\"elementor-container elementor-column-gap-default\">\n\t\t\t\t\t<div class=\"elementor-column elementor-col-100 elementor-top-column elementor-element elementor-element-5a18b043\" data-id=\"5a18b043\" data-element_type=\"column\">\n\t\t\t<div class=\"elementor-widget-wrap elementor-element-populated\">\n\t\t\t\t\t\t<div class=\"elementor-element elementor-element-536c7cfd elementor-widget__width-auto elementor-widget elementor-widget-text-editor\" data-id=\"536c7cfd\" data-element_type=\"widget\" data-widget_type=\"text-editor.default\">\n\t\t\t\t<div class=\"elementor-widget-container\">\n\t\t\t<style>\/*! elementor - v3.20.0 - 26-03-2024 *\/\n.elementor-widget-text-editor.elementor-drop-cap-view-stacked .elementor-drop-cap{background-color:#69727d;color:#fff}.elementor-widget-text-editor.elementor-drop-cap-view-framed .elementor-drop-cap{color:#69727d;border:3px solid;background-color:transparent}.elementor-widget-text-editor:not(.elementor-drop-cap-view-default) .elementor-drop-cap{margin-top:8px}.elementor-widget-text-editor:not(.elementor-drop-cap-view-default) .elementor-drop-cap-letter{width:1em;height:1em}.elementor-widget-text-editor .elementor-drop-cap{float:left;text-align:center;line-height:1;font-size:50px}.elementor-widget-text-editor .elementor-drop-cap-letter{display:inline-block}<\/style>\t\t\t\t<header class=\"entry-header\">\n<div class=\"entry-cover\">\n<div class=\"entry-info\">\n<div class=\"inner-wrap\">\n<h1 class=\"entry-title\">Toitlustus<\/h1>\n<p><\/p>\n<p>K\u00e4esoleval aastal AniMatsuri festival toitlustust ei paku, k\u00fcll aga on v\u00f5imalik kohapeale v\u00f5tta kaasa oma s\u00f6\u00f6ki (s\u00fc\u00fca tohib seda ainult selleks ette n\u00e4htud s\u00f6\u00f6miskohas) ja l\u00e4hedalasuvas <a href=\"https:\/\/www.aparaaditehas.ee\/\">Aparaaditehases<\/a> on mitmed toitlustusasutused, mille vahelt valida. Kahel nendest on AniMatsuri k\u00e4epaela etten\u00e4itamisel ka soodustus. M\u00f5neminutilise jalutusk\u00e4igu kaugusel on ka Lembitu Konsum, kus asub Coop.<\/p>\n<h4>Trikster tihane<\/h4>\n<ul>\n<li><em>-10%<\/em><\/li>\n<li><em>Avatud ainult laup\u00e4eval<\/em><\/li>\n<li><a href=\"https:\/\/trikstertihane.ee\/\">www.trikstertihane.ee<\/a><\/li>\n<\/ul>\n<p>Trikster Tihane on kohvik-resto, mis asub Tartus Aparaaditehase hoones. Trikster Tihane pakub oma k\u00fclalistele hommikus\u00f6\u00f6ke, l\u00f5unapakkumisi ja laiast maailmast inspireeritud \u00e0 la carte men\u00fc\u00fcd. Men\u00fc\u00fcs on saadaval ka maitsvaid roogi taimetoidu armastajatele. Korraldage j\u00e4rgmine pidu Trikster Tihases! Meie siseruumis on 80 istekohta ning sobib mitmesuguste \u00fcrituste korraldamiseks. Laste ja t\u00e4iskasvanute s\u00fcnnip\u00e4evad, l\u00f5bus \u00f5htu s\u00f5pradega, t\u00fcdrukute\u00f5htu, t\u00f6\u00f6koosolek v\u00f5i mis tahes muu eriline \u00fcritus. Samuti on v\u00f5imalik meilt tellida toitlustusteenust! Kirjuta meile oma soovid ja meie katame teie peolaua!<\/p>\n<p><\/p>\n<hr>\n<h4>Veg Machine<\/h4>\n<ul>\n<li><em>-10% AniMatsuri k\u00e4epaela etten\u00e4itamisel<\/em><\/li>\n<li><a href=\"https:\/\/vegmachine.ee\/\">www.vegmachine.ee<\/a><\/li>\n<\/ul>\n<p>Veg Machine on v\u00e4ike v\u00e4rviline kohvik Aparaaditehases, mis pakub vinget taimset t\u00e4navatoitu ja ootab alati v\u00e4iksele kohvile ja koogile v\u00f5i hoopis mahlasele burgerile.<\/p>\n<p><\/p>\n<hr>\n<h4>Teised kohad Aparaaditehases, kus s\u00fc\u00fca<\/h4>\n<ul>\n<li>Aparaat &#8211; <a href=\"https:\/\/www.aparaadiresto.ee\/\">www.aparaadiresto.ee<\/a><\/li>\n<li>Cruffin &#8211; <a href=\"https:\/\/cruffin.ee\/\">www.cruffin.ee<\/a><\/li>\n<li>Kolm Tilli &#8211; <a href=\"https:\/\/sevensons.ee\/kohad\/kolm-tilli\/\">www.sevensons.ee<\/a><\/li>\n<li>Puhvet &#8211; <a href=\"https:\/\/www.facebook.com\/kastanipuhvet\/\">www.facebook.com\/kastanipuhvet<\/a>&nbsp;(<em>avatud ainult laup\u00e4eval<\/em>)<\/li>\n<\/ul><div>M\u00f5ne minutilise jalutusk\u00e4igu kaugusel asub ka Coopi pood, mis asub Lembitu Konsumis (Lembitu 2).<\/div>\n<\/div>\n<\/div>\n<\/div>\n<\/header>\n<article id=\"post-1669\" class=\"post-1669 page type-page status-publish has-post-thumbnail hentry\"><\/article>\t\t\t\t\t\t<\/div>\n\t\t\t\t<\/div>\n\t\t\t\t\t<\/div>\n\t\t<\/div>\n\t\t\t\t\t<\/div>\n\t\t<\/section>\n\t\t\t\t<\/div>\n\t\t","protected":false},"excerpt":{"rendered":"<p>Toitlustus K\u00e4esoleval aastal AniMatsuri festival toitlustust ei paku, k\u00fcll aga on v\u00f5imalik kohapeale v\u00f5tta kaasa oma s\u00f6\u00f6ki (s\u00fc\u00fca tohib seda ainult selleks ette n\u00e4htud s\u00f6\u00f6miskohas) ja l\u00e4hedalasuvas Aparaaditehases on mitmed toitlustusasutused, mille vahelt valida. Kahel nendest on AniMatsuri k\u00e4epaela etten\u00e4itamisel ka soodustus. M\u00f5neminutilise jalutusk\u00e4igu kaugusel on ka Lembitu Konsum, kus asub Coop. Trikster tihane -10% [&hellip;]<\/p>\n","protected":false},"author":1,"featured_media":0,"parent":0,"menu_order":0,"comment_status":"closed","ping_status":"closed","template":"elementor_header_footer","meta":{"footnotes":""},"_links":{"self":[{"href":"https:\/\/animatsuri.eu\/2023\/index.php?rest_route=\/wp\/v2\/pages\/1669"}],"collection":[{"href":"https:\/\/animatsuri.eu\/2023\/index.php?rest_route=\/wp\/v2\/pages"}],"about":[{"href":"https:\/\/animatsuri.eu\/2023\/index.php?rest_route=\/wp\/v2\/types\/page"}],"author":[{"embeddable":true,"href":"https:\/\/animatsuri.eu\/2023\/index.php?rest_route=\/wp\/v2\/users\/1"}],"replies":[{"embeddable":true,"href":"https:\/\/animatsuri.eu\/2023\/index.php?rest_route=%2Fwp%2Fv2%2Fcomments&post=1669"}],"version-history":[{"count":28,"href":"https:\/\/animatsuri.eu\/2023\/index.php?rest_route=\/wp\/v2\/pages\/1669\/revisions"}],"predecessor-version":[{"id":3006,"href":"https:\/\/animatsuri.eu\/2023\/index.php?rest_route=\/wp\/v2\/pages\/1669\/revisions\/3006"}],"wp:attachment":[{"href":"https:\/\/animatsuri.eu\/2023\/index.php?rest_route=%2Fwp%2Fv2%2Fmedia&parent=1669"}],"curies":[{"name":"wp","href":"https:\/\/api.w.org\/{rel}","templated":true}]}}