{"id":1810,"date":"2023-11-13T21:14:41","date_gmt":"2023-11-13T18:14:41","guid":{"rendered":"https:\/\/animatsuri.baka.ee\/2023\/?page_id=1810"},"modified":"2023-11-21T09:18:53","modified_gmt":"2023-11-21T07:18:53","slug":"cosplay-fotovoistlus","status":"publish","type":"page","link":"https:\/\/animatsuri.eu\/2023\/?page_id=1810","title":{"rendered":"Cosplay fotov\u00f5istlus"},"content":{"rendered":"\t\t<div data-elementor-type=\"wp-page\" data-elementor-id=\"1810\" class=\"elementor elementor-1810\">\n\t\t\t\t\t\t<section class=\"elementor-section elementor-top-section elementor-element elementor-element-7ea30c39 elementor-section-full_width elementor-section-stretched elementor-section-height-default elementor-section-height-default\" data-id=\"7ea30c39\" data-element_type=\"section\" data-settings=\"{&quot;stretch_section&quot;:&quot;section-stretched&quot;}\">\n\t\t\t\t\t\t<div class=\"elementor-container elementor-column-gap-no\">\n\t\t\t\t\t<div class=\"elementor-column elementor-col-100 elementor-top-column elementor-element elementor-element-6cf15642\" data-id=\"6cf15642\" data-element_type=\"column\">\n\t\t\t<div class=\"elementor-widget-wrap elementor-element-populated\">\n\t\t\t\t\t\t<div class=\"elementor-element elementor-element-597fdf88 elementor-widget__width-inherit elementor-widget elementor-widget-image\" data-id=\"597fdf88\" data-element_type=\"widget\" data-widget_type=\"image.default\">\n\t\t\t\t<div class=\"elementor-widget-container\">\n\t\t\t<style>\/*! elementor - v3.20.0 - 26-03-2024 *\/\n.elementor-widget-image{text-align:center}.elementor-widget-image a{display:inline-block}.elementor-widget-image a img[src$=\".svg\"]{width:48px}.elementor-widget-image img{vertical-align:middle;display:inline-block}<\/style>\t\t\t\t\t\t\t\t\t\t<img fetchpriority=\"high\" decoding=\"async\" width=\"1920\" height=\"533\" src=\"https:\/\/animatsuri.eu\/2023\/wp-content\/uploads\/2023\/11\/cosplay-fotovoistlus.png\" class=\"attachment-full size-full wp-image-1813\" alt=\"\" srcset=\"https:\/\/animatsuri.eu\/2023\/wp-content\/uploads\/2023\/11\/cosplay-fotovoistlus.png 1920w, https:\/\/animatsuri.eu\/2023\/wp-content\/uploads\/2023\/11\/cosplay-fotovoistlus-300x83.png 300w, https:\/\/animatsuri.eu\/2023\/wp-content\/uploads\/2023\/11\/cosplay-fotovoistlus-1024x284.png 1024w, https:\/\/animatsuri.eu\/2023\/wp-content\/uploads\/2023\/11\/cosplay-fotovoistlus-768x213.png 768w, https:\/\/animatsuri.eu\/2023\/wp-content\/uploads\/2023\/11\/cosplay-fotovoistlus-1536x426.png 1536w, https:\/\/animatsuri.eu\/2023\/wp-content\/uploads\/2023\/11\/cosplay-fotovoistlus-1200x333.png 1200w\" sizes=\"(max-width: 1920px) 100vw, 1920px\" \/>\t\t\t\t\t\t\t\t\t\t\t\t\t<\/div>\n\t\t\t\t<\/div>\n\t\t\t\t\t<\/div>\n\t\t<\/div>\n\t\t\t\t\t<\/div>\n\t\t<\/section>\n\t\t\t\t<section class=\"elementor-section elementor-top-section elementor-element elementor-element-c2b6af6 elementor-section-boxed elementor-section-height-default elementor-section-height-default\" data-id=\"c2b6af6\" data-element_type=\"section\">\n\t\t\t\t\t\t<div class=\"elementor-container elementor-column-gap-default\">\n\t\t\t\t\t<div class=\"elementor-column elementor-col-100 elementor-top-column elementor-element elementor-element-47553d23\" data-id=\"47553d23\" data-element_type=\"column\">\n\t\t\t<div class=\"elementor-widget-wrap elementor-element-populated\">\n\t\t\t\t\t\t<div class=\"elementor-element elementor-element-23cfa373 elementor-widget__width-auto elementor-widget elementor-widget-text-editor\" data-id=\"23cfa373\" data-element_type=\"widget\" data-widget_type=\"text-editor.default\">\n\t\t\t\t<div class=\"elementor-widget-container\">\n\t\t\t<style>\/*! elementor - v3.20.0 - 26-03-2024 *\/\n.elementor-widget-text-editor.elementor-drop-cap-view-stacked .elementor-drop-cap{background-color:#69727d;color:#fff}.elementor-widget-text-editor.elementor-drop-cap-view-framed .elementor-drop-cap{color:#69727d;border:3px solid;background-color:transparent}.elementor-widget-text-editor:not(.elementor-drop-cap-view-default) .elementor-drop-cap{margin-top:8px}.elementor-widget-text-editor:not(.elementor-drop-cap-view-default) .elementor-drop-cap-letter{width:1em;height:1em}.elementor-widget-text-editor .elementor-drop-cap{float:left;text-align:center;line-height:1;font-size:50px}.elementor-widget-text-editor .elementor-drop-cap-letter{display:inline-block}<\/style>\t\t\t\t<header class=\"entry-header\"><div class=\"entry-cover\"><div class=\"entry-info\"><div class=\"inner-wrap\"><h1 class=\"entry-title\">Cosplay fotov\u00f5istlus<\/h1><p>Meil on teile p\u00f5nevaid uudiseid! Sel aastal on tagasi pikalt oodatud cosplay fotov\u00f5istlus!<\/p><h5><a href=\"#esitamine\">T\u00d6\u00d6DE ESITAMINE<\/a> | <a href=\"#nouded\">N\u00d5UDED<\/a> | <a href=\"#auhinnad\">AUHINNAD<\/a> | <a href=\"#zurii\">\u017d\u00dcRII<\/a><\/h5><h5 id=\"esitamine\"><strong>T\u00f6\u00f6de esitamine<br \/><\/strong><\/h5><\/div><ol><li>\u00a0T\u00e4itke veebip\u00f5hine taotlusvorm, m\u00e4rkides kogu vajaliku teabe tegelase, cosplay modelli ja fotograafi kohta. T\u00e4htaeg on <b>19. november 2023<\/b>. <a href=\"https:\/\/forms.gle\/R5kwiu4XResYTuXu9\" target=\"_blank\" rel=\"noopener\">Taotlusvormi link<\/a><\/li><li>Fotosid v\u00f5ib esitada nii fotograaf kui ka cosplay modell, kuid selleks peab olema m\u00f5lema asjaosalise N\u00d5USOLEK.<\/li><li>Konkursil osalemiseks peab osaleja esitama fotod <b>nii digitaalsel kujul kui ka f\u00fc\u00fcsilise koopia, <\/b>mida esitletakse \u00fcrituse ajal.<\/li><li>F\u00fc\u00fcsilised fotod tuleb esitada <b>\u00fcrituse esimesel p\u00e4eval (2. detsember) kuni kella 13.00-ni <\/b>infoletti v\u00f5i saata <b>posti teel hiljemalt 27. novembril 2023<\/b> aadressile <b>Vanemuise 48, 51003, Tartu.<\/b> Kui foto ei ole saabunud<b> 1. detsembriks,<\/b> palume foto \u00fcritusele kaasa v\u00f5tta, vastasel juhul teid diskvalifitseeritakse. NB! Kirjad v\u00f5ivad posti teel kaduma minna, nii et veenduge, et teil oleks igaks juhuks lisaeksemplar kaasas, et tuua kaasa 2. detsembril toimuvale \u00fcritusele, kui taoline \u00f5nnetus juhtub.<\/li><li>Soovi korral saate oma fotod tagasi 2. p\u00e4eva l\u00f5pus infolauast v\u00f5i kontakteerudes cosplay meeskonnaga, kuid me ei saada teile hiljem fotosid postiga tagasi.<\/li><li>Auhinnad kuulutatakse v\u00e4lja \u00fcrituse teisel p\u00e4eval (3. detsembril) peaauhinnatseremoonial.<\/li><li>Kuigi \u00fcks fotograaf saab esitada mitu fotot, saab ta konkursil osaleda vaid \u00fche korra, mis t\u00e4hendab, et mitut auhinda ta v\u00f5ita ei saa (v.a publiku lemmikauhind).<\/li><\/ol><h5 id=\"nouded\"><b>N\u00f5uded<\/b><\/h5><ol><li>Fotod ei tohi sisaldada seksuaalset materjali, ebas\u00fcndsaid \u017eeste, roppusi ega \u00e4\u00e4rmist v\u00e4givalda.<\/li><li>Fotod peavad olema tr\u00fckitud hea kvaliteediga fotopaberile, mille suurus on v\u00e4hemalt <b>A4 <\/b>(soovitav 2480 x 3508 pikslit) ja maksimaalselt <b>A3 <\/b>formaadis (4961 x 3508 px). Veebifotod tuleb esitada JPG-, JPEG- v\u00f5i PNG-vormingus.<\/li><li>Photoshopi kasutamine on lubatud.<\/li><li>K\u00f5ik fotod tuleb saata meile veebip\u00f5hise taotlusvormi kaudu ja meie komisjon peab need kinnitama. P\u00e4rast kinnitusmeili saamist <b>tuleb fotod esitada f\u00fc\u00fcsiliselt posti teel <\/b>v\u00f5i <b>anda meeskonnale \u00fcrituse esimesel hommikul hiljemalt kell 13.00 <\/b>(laup\u00e4eval, 2. detsembril).<\/li><li>Fotode saatmine posti teel: saata hiljemalt <b>27. novembril 2023 <\/b>aadressile <b>Vanemuise 48, 51003, Tartu.<\/b> Saaja nimeks tuleb m\u00e4rkida <b>MT\u00dc Jaapani kultuuriklubi Asashio.<\/b> Palun kirjuta foto taha fotograafi t\u00e4isnimi ja modelli nimi. Fotod peavad saabuma <b>1. detsembriks<\/b> (parem saata varem kui hiljem). Kui foto ei ole saabunud<b> 1. detsembriks,<\/b> palume foto \u00fcritusele kaasa v\u00f5tta, vastasel juhul teid diskvalifitseeritakse.<\/li><li>\u00dcks fotograaf ei saa esitada <b>rohkem kui 3 fotot;<\/b> \u00fcks cosplay modell ei tohi olla<b> rohkem kui 3 fotol.<\/b> Kui kas modell v\u00f5i fotograaf ei ole andnud n\u00f5usolekut v\u00f5istluses osalemises, siis foto diskvalifitseeritakse ja ei eksponeerita \u00fcritusel.<\/li><li>Cosband\/grupp on piiratud \u00fche pildistamisega, kus on <b>maksimaalselt 3 grupipilti <\/b>\u00fche grupi kohta, ning kui on olukord, kus \u00fchel inimesel on nii grupi- kui ka soolopildid, saab \u00fcks modell ikkagi olla kokku ainult 3 fotol.<\/li><li>Meile fotosid saates kinnitate, et k\u00f5ik osapooled lubavad fotosid konkursile kaasata. Kui fotod on saadetud ilma k\u00f5igi osapoole n\u00f5usolekuta, siis fotosid v\u00f5istlusele ei v\u00f5eta.<\/li><li>Konkursiga liitudes n\u00f5ustute fotode kasutamisega AniMatsuri reklaami eesm\u00e4rgil (viidetega fotograafile).<\/li><li>Taotluse esitamisega n\u00f5ustute j\u00e4rgima konkursi reegleid.<\/li><\/ol><p>Kinnitatud ja \u00f5igeaegselt meile toodud t\u00f6\u00f6d on AniMatsuri 2023 galeriis v\u00e4ljas 2. ja 3. detsembril 2023.<\/p><h5 id=\"auhinnad\"><b>Auhinnad<\/b><\/h5><p>K\u00f5iki t\u00f6id hindab professionaalne \u017e\u00fcrii ning 3 parimat fotot autasustatakse auhindadega. \u017d\u00fcriiliikmetega tutvumiseks j\u00e4lgi meie sotsiaalmeediat t\u00e4helepanelikult! Lisaks on meil ka publiku lemmiku auhind, mille valib publik.<\/p><p>Lisak\u00fcsimuste korral v\u00f5tke meiega \u00fchendust <a href=\"mailto:cosplay@animatsuri.eu\">cosplay@animatsuri.eu<\/a>.<\/p><h5 id=\"zurii\"><strong>\u017d\u00fcrii<\/strong><\/h5><\/div><\/div><\/header>\t\t\t\t\t\t<\/div>\n\t\t\t\t<\/div>\n\t\t\t\t\t<\/div>\n\t\t<\/div>\n\t\t\t\t\t<\/div>\n\t\t<\/section>\n\t\t\t\t<section class=\"elementor-section elementor-top-section elementor-element elementor-element-63a8ee6 elementor-section-boxed elementor-section-height-default elementor-section-height-default\" data-id=\"63a8ee6\" data-element_type=\"section\">\n\t\t\t\t\t\t<div class=\"elementor-container elementor-column-gap-default\">\n\t\t\t\t\t<div class=\"elementor-column elementor-col-50 elementor-top-column elementor-element elementor-element-c40f164\" data-id=\"c40f164\" data-element_type=\"column\">\n\t\t\t<div class=\"elementor-widget-wrap elementor-element-populated\">\n\t\t\t\t\t\t<div class=\"elementor-element elementor-element-789806b elementor-widget elementor-widget-image\" data-id=\"789806b\" data-element_type=\"widget\" data-widget_type=\"image.default\">\n\t\t\t\t<div class=\"elementor-widget-container\">\n\t\t\t\t\t\t\t\t\t\t\t\t\t<img decoding=\"async\" width=\"580\" height=\"486\" src=\"https:\/\/animatsuri.eu\/2023\/wp-content\/uploads\/2023\/11\/IMG_8727-1024x858.jpg\" class=\"attachment-large size-large wp-image-3130\" alt=\"\" srcset=\"https:\/\/animatsuri.eu\/2023\/wp-content\/uploads\/2023\/11\/IMG_8727-1024x858.jpg 1024w, https:\/\/animatsuri.eu\/2023\/wp-content\/uploads\/2023\/11\/IMG_8727-300x252.jpg 300w, https:\/\/animatsuri.eu\/2023\/wp-content\/uploads\/2023\/11\/IMG_8727-768x644.jpg 768w, https:\/\/animatsuri.eu\/2023\/wp-content\/uploads\/2023\/11\/IMG_8727.jpg 1200w\" sizes=\"(max-width: 580px) 100vw, 580px\" \/>\t\t\t\t\t\t\t\t\t\t\t\t\t<\/div>\n\t\t\t\t<\/div>\n\t\t\t\t\t<\/div>\n\t\t<\/div>\n\t\t\t\t<div class=\"elementor-column elementor-col-50 elementor-top-column elementor-element elementor-element-6a110d1\" data-id=\"6a110d1\" data-element_type=\"column\">\n\t\t\t<div class=\"elementor-widget-wrap elementor-element-populated\">\n\t\t\t\t\t\t<div class=\"elementor-element elementor-element-97e678e elementor-widget elementor-widget-text-editor\" data-id=\"97e678e\" data-element_type=\"widget\" data-widget_type=\"text-editor.default\">\n\t\t\t\t<div class=\"elementor-widget-container\">\n\t\t\t\t\t\t\t<h4>Syed Ali<\/h4><p>Syed Ali (UK), sotsiaalmeedias leitav kui D.Blarg354, on fotograaf, kes on cosplay \u00fcritustel k\u00e4inud \u00fcle k\u00fcmne aasta, kuid alles 2018. aastal sai ta fotograafiapisiku, mille tekitas Jaapanis veedetud aasta ja mis viis ta sellele teekonnale. Praeguseks on tema t\u00f6\u00f6d kajastatud ajakirjas NEO Magazine, mis on \u00dchendkuningriigi suurim ja parim Aasia popkultuuri ajakiri, ning ta on korraldanud \u00fcritustel fotograafiapaneele. Tema ainulaadne seadistus, mis on kombineeritud vanadest &#8220;vintage-objektiividest&#8221; kaasaegse s\u00fcsteemiga, v\u00f5imaldab tal j\u00e4\u00e4dvustada pilte, mis on temale omap\u00e4rased.<\/p><p>Tema portfoolio on leitav siit:<a href=\"https:\/\/syedaali.myportfolio.com\/\"> https:\/\/syedaali.myportfolio.com\/<\/a><\/p><p>Instagram: <a href=\"https:\/\/www.instagram.com\/d.blarg354\/\">https:\/\/www.instagram.com\/d.blarg354\/<\/a><\/p>\t\t\t\t\t\t<\/div>\n\t\t\t\t<\/div>\n\t\t\t\t\t<\/div>\n\t\t<\/div>\n\t\t\t\t\t<\/div>\n\t\t<\/section>\n\t\t\t\t<section class=\"elementor-section elementor-top-section elementor-element elementor-element-a3608f7 elementor-section-boxed elementor-section-height-default elementor-section-height-default\" data-id=\"a3608f7\" data-element_type=\"section\">\n\t\t\t\t\t\t<div class=\"elementor-container elementor-column-gap-default\">\n\t\t\t\t\t<div class=\"elementor-column elementor-col-50 elementor-top-column elementor-element elementor-element-93fd610\" data-id=\"93fd610\" data-element_type=\"column\">\n\t\t\t<div class=\"elementor-widget-wrap elementor-element-populated\">\n\t\t\t\t\t\t<div class=\"elementor-element elementor-element-bbb6c44 elementor-widget elementor-widget-image\" data-id=\"bbb6c44\" data-element_type=\"widget\" data-widget_type=\"image.default\">\n\t\t\t\t<div class=\"elementor-widget-container\">\n\t\t\t\t\t\t\t\t\t\t\t\t\t<img decoding=\"async\" width=\"580\" height=\"486\" src=\"https:\/\/animatsuri.eu\/2023\/wp-content\/uploads\/2023\/11\/IMG_8702-1024x858.jpg\" class=\"attachment-large size-large wp-image-3019\" alt=\"\" srcset=\"https:\/\/animatsuri.eu\/2023\/wp-content\/uploads\/2023\/11\/IMG_8702-1024x858.jpg 1024w, https:\/\/animatsuri.eu\/2023\/wp-content\/uploads\/2023\/11\/IMG_8702-300x252.jpg 300w, https:\/\/animatsuri.eu\/2023\/wp-content\/uploads\/2023\/11\/IMG_8702-768x644.jpg 768w, https:\/\/animatsuri.eu\/2023\/wp-content\/uploads\/2023\/11\/IMG_8702.jpg 1200w\" sizes=\"(max-width: 580px) 100vw, 580px\" \/>\t\t\t\t\t\t\t\t\t\t\t\t\t<\/div>\n\t\t\t\t<\/div>\n\t\t\t\t\t<\/div>\n\t\t<\/div>\n\t\t\t\t<div class=\"elementor-column elementor-col-50 elementor-top-column elementor-element elementor-element-0a093bb\" data-id=\"0a093bb\" data-element_type=\"column\">\n\t\t\t<div class=\"elementor-widget-wrap elementor-element-populated\">\n\t\t\t\t\t\t<div class=\"elementor-element elementor-element-0de8173 elementor-widget elementor-widget-text-editor\" data-id=\"0de8173\" data-element_type=\"widget\" data-widget_type=\"text-editor.default\">\n\t\t\t\t<div class=\"elementor-widget-container\">\n\t\t\t\t\t\t\t<h4>Kirill Dogadajev<\/h4><p>Kirill Dogadajev (LV) ehk DrAlian alustas pildistamisega 2003. aastal. N\u00fc\u00fcdseks on tema t\u00f6id avaldatud paljudes ajalehtedes, ajakirjades ja meedias. Tema jaoks oli k\u00f5ige huvitavam kogemus saada avaldatud ajakirjas National Geographic. Tema teed ristusid cosplay kogukonnaga 2017. aastal ning sellest ajast alates on ta oma fotonurgaga osalenud 16 \u00fcritusel. Tema t\u00f6\u00f6 tulemuseks pole ainult foto. Ta tunneb, et tema \u00fclesanne on anda k\u00f5igile v\u00f5imalus fotograafia ja poseerimisega enesekindlust kasvatada. Ta \u00fctleb, et on nii r\u00f5\u00f5mustav n\u00e4ha oma k\u00fclaliste s\u00e4ravaid silmi ja naeratusi, kes veel m\u00f5ni minut enne v\u00f5tet m\u00f5tlesid, et ei tea, kuidas poseerida.<\/p><p>Vaata tema sotsiaalmeediat:<\/p><p><a href=\"https:\/\/www.instagram.com\/dralian\/\">https:\/\/www.instagram.com\/dralian\/<\/a><\/p><p><a href=\"https:\/\/www.instagram.com\/dralian_photowall\/\">https:\/\/www.instagram.com\/dralian_photowall\/<\/a><\/p><p><a href=\"https:\/\/www.facebook.com\/knowhow.lv\/\">https:\/\/www.facebook.com\/knowhow.lv\/<\/a><\/p>\t\t\t\t\t\t<\/div>\n\t\t\t\t<\/div>\n\t\t\t\t\t<\/div>\n\t\t<\/div>\n\t\t\t\t\t<\/div>\n\t\t<\/section>\n\t\t\t\t<section class=\"elementor-section elementor-top-section elementor-element elementor-element-384746d elementor-section-boxed elementor-section-height-default elementor-section-height-default\" data-id=\"384746d\" data-element_type=\"section\">\n\t\t\t\t\t\t<div class=\"elementor-container elementor-column-gap-default\">\n\t\t\t\t\t<div class=\"elementor-column elementor-col-50 elementor-top-column elementor-element elementor-element-b3aea95\" data-id=\"b3aea95\" data-element_type=\"column\">\n\t\t\t<div class=\"elementor-widget-wrap elementor-element-populated\">\n\t\t\t\t\t\t<div class=\"elementor-element elementor-element-e455d03 elementor-widget elementor-widget-image\" data-id=\"e455d03\" data-element_type=\"widget\" data-widget_type=\"image.default\">\n\t\t\t\t<div class=\"elementor-widget-container\">\n\t\t\t\t\t\t\t\t\t\t\t\t\t<img loading=\"lazy\" decoding=\"async\" width=\"580\" height=\"486\" src=\"https:\/\/animatsuri.eu\/2023\/wp-content\/uploads\/2023\/11\/IMG_8701-1024x858.jpg\" class=\"attachment-large size-large wp-image-3020\" alt=\"\" srcset=\"https:\/\/animatsuri.eu\/2023\/wp-content\/uploads\/2023\/11\/IMG_8701-1024x858.jpg 1024w, https:\/\/animatsuri.eu\/2023\/wp-content\/uploads\/2023\/11\/IMG_8701-300x252.jpg 300w, https:\/\/animatsuri.eu\/2023\/wp-content\/uploads\/2023\/11\/IMG_8701-768x644.jpg 768w, https:\/\/animatsuri.eu\/2023\/wp-content\/uploads\/2023\/11\/IMG_8701.jpg 1200w\" sizes=\"(max-width: 580px) 100vw, 580px\" \/>\t\t\t\t\t\t\t\t\t\t\t\t\t<\/div>\n\t\t\t\t<\/div>\n\t\t\t\t\t<\/div>\n\t\t<\/div>\n\t\t\t\t<div class=\"elementor-column elementor-col-50 elementor-top-column elementor-element elementor-element-7be6b43\" data-id=\"7be6b43\" data-element_type=\"column\">\n\t\t\t<div class=\"elementor-widget-wrap elementor-element-populated\">\n\t\t\t\t\t\t<div class=\"elementor-element elementor-element-6f63176 elementor-widget elementor-widget-text-editor\" data-id=\"6f63176\" data-element_type=\"widget\" data-widget_type=\"text-editor.default\">\n\t\t\t\t<div class=\"elementor-widget-container\">\n\t\t\t\t\t\t\t<h4>Siiri Kumari<\/h4><p>Siiri on tegelenud fotokunstiga juba \u00fcle 15 aasta. Ta keskendub oma t\u00f6\u00f6des muinasjutulistele ja fantaasiarohketele s\u00fc\u017eeedele ning keskkondadele. K\u00f5ige enam hindab ta kunstis originaalsust, emotsiooni ja h\u00e4id valguslahendusi.<\/p><p>Vaata tema sotsiaalmeediat ja portfooliot:<\/p><p><a href=\"https:\/\/www.siirikumari.com\/\">https:\/\/www.siirikumari.com\/<\/a><\/p><p><a href=\"https:\/\/www.facebook.com\/siirikumariphoto\">https:\/\/www.facebook.com\/siirikumariphoto<\/a>\u00a0<\/p><p><a href=\"https:\/\/www.instagram.com\/siirikumari\/\">https:\/\/www.instagram.com\/siirikumari\/<\/a><\/p>\t\t\t\t\t\t<\/div>\n\t\t\t\t<\/div>\n\t\t\t\t\t<\/div>\n\t\t<\/div>\n\t\t\t\t\t<\/div>\n\t\t<\/section>\n\t\t\t\t<\/div>\n\t\t","protected":false},"excerpt":{"rendered":"<p>Cosplay fotov\u00f5istlus Meil on teile p\u00f5nevaid uudiseid! Sel aastal on tagasi pikalt oodatud cosplay fotov\u00f5istlus! T\u00d6\u00d6DE ESITAMINE | N\u00d5UDED | AUHINNAD | \u017d\u00dcRII T\u00f6\u00f6de esitamine \u00a0T\u00e4itke veebip\u00f5hine taotlusvorm, m\u00e4rkides kogu vajaliku teabe tegelase, cosplay modelli ja fotograafi kohta. T\u00e4htaeg on 19. november 2023. Taotlusvormi link Fotosid v\u00f5ib esitada nii fotograaf kui ka cosplay modell, kuid [&hellip;]<\/p>\n","protected":false},"author":1,"featured_media":0,"parent":0,"menu_order":0,"comment_status":"closed","ping_status":"closed","template":"elementor_header_footer","meta":{"footnotes":""},"_links":{"self":[{"href":"https:\/\/animatsuri.eu\/2023\/index.php?rest_route=\/wp\/v2\/pages\/1810"}],"collection":[{"href":"https:\/\/animatsuri.eu\/2023\/index.php?rest_route=\/wp\/v2\/pages"}],"about":[{"href":"https:\/\/animatsuri.eu\/2023\/index.php?rest_route=\/wp\/v2\/types\/page"}],"author":[{"embeddable":true,"href":"https:\/\/animatsuri.eu\/2023\/index.php?rest_route=\/wp\/v2\/users\/1"}],"replies":[{"embeddable":true,"href":"https:\/\/animatsuri.eu\/2023\/index.php?rest_route=%2Fwp%2Fv2%2Fcomments&post=1810"}],"version-history":[{"count":23,"href":"https:\/\/animatsuri.eu\/2023\/index.php?rest_route=\/wp\/v2\/pages\/1810\/revisions"}],"predecessor-version":[{"id":3142,"href":"https:\/\/animatsuri.eu\/2023\/index.php?rest_route=\/wp\/v2\/pages\/1810\/revisions\/3142"}],"wp:attachment":[{"href":"https:\/\/animatsuri.eu\/2023\/index.php?rest_route=%2Fwp%2Fv2%2Fmedia&parent=1810"}],"curies":[{"name":"wp","href":"https:\/\/api.w.org\/{rel}","templated":true}]}}