{"id":484,"date":"2023-07-15T06:29:21","date_gmt":"2023-07-15T06:29:21","guid":{"rendered":"https:\/\/animatsuri.baka.ee\/2023\/?page_id=484"},"modified":"2023-11-16T21:32:04","modified_gmt":"2023-11-16T18:32:04","slug":"festivali-maskotid","status":"publish","type":"page","link":"https:\/\/animatsuri.eu\/2023\/?page_id=484","title":{"rendered":"Festivali maskotid"},"content":{"rendered":"\t\t<div data-elementor-type=\"wp-page\" data-elementor-id=\"484\" class=\"elementor elementor-484\">\n\t\t\t\t\t\t<section class=\"elementor-section elementor-top-section elementor-element elementor-element-88d2f58 elementor-section-full_width elementor-section-stretched elementor-section-height-default elementor-section-height-default\" data-id=\"88d2f58\" data-element_type=\"section\" data-settings=\"{&quot;stretch_section&quot;:&quot;section-stretched&quot;}\">\n\t\t\t\t\t\t<div class=\"elementor-container elementor-column-gap-no\">\n\t\t\t\t\t<div class=\"elementor-column elementor-col-100 elementor-top-column elementor-element elementor-element-5741d5d\" data-id=\"5741d5d\" data-element_type=\"column\">\n\t\t\t<div class=\"elementor-widget-wrap elementor-element-populated\">\n\t\t\t\t\t\t<div class=\"elementor-element elementor-element-99a1088 elementor-widget__width-inherit elementor-widget elementor-widget-image\" data-id=\"99a1088\" data-element_type=\"widget\" data-widget_type=\"image.default\">\n\t\t\t\t<div class=\"elementor-widget-container\">\n\t\t\t<style>\/*! elementor - v3.20.0 - 26-03-2024 *\/\n.elementor-widget-image{text-align:center}.elementor-widget-image a{display:inline-block}.elementor-widget-image a img[src$=\".svg\"]{width:48px}.elementor-widget-image img{vertical-align:middle;display:inline-block}<\/style>\t\t\t\t\t\t\t\t\t\t<img fetchpriority=\"high\" decoding=\"async\" width=\"1920\" height=\"533\" src=\"https:\/\/animatsuri.eu\/2023\/wp-content\/uploads\/2023\/11\/maskotid.png\" class=\"attachment-full size-full wp-image-2627\" alt=\"\" srcset=\"https:\/\/animatsuri.eu\/2023\/wp-content\/uploads\/2023\/11\/maskotid.png 1920w, https:\/\/animatsuri.eu\/2023\/wp-content\/uploads\/2023\/11\/maskotid-300x83.png 300w, https:\/\/animatsuri.eu\/2023\/wp-content\/uploads\/2023\/11\/maskotid-1024x284.png 1024w, https:\/\/animatsuri.eu\/2023\/wp-content\/uploads\/2023\/11\/maskotid-768x213.png 768w, https:\/\/animatsuri.eu\/2023\/wp-content\/uploads\/2023\/11\/maskotid-1536x426.png 1536w, https:\/\/animatsuri.eu\/2023\/wp-content\/uploads\/2023\/11\/maskotid-1200x333.png 1200w\" sizes=\"(max-width: 1920px) 100vw, 1920px\" \/>\t\t\t\t\t\t\t\t\t\t\t\t\t<\/div>\n\t\t\t\t<\/div>\n\t\t\t\t\t<\/div>\n\t\t<\/div>\n\t\t\t\t\t<\/div>\n\t\t<\/section>\n\t\t\t\t<section class=\"elementor-section elementor-top-section elementor-element elementor-element-6aa53c2a elementor-section-boxed elementor-section-height-default elementor-section-height-default\" data-id=\"6aa53c2a\" data-element_type=\"section\">\n\t\t\t\t\t\t<div class=\"elementor-container elementor-column-gap-default\">\n\t\t\t\t\t<div class=\"elementor-column elementor-col-100 elementor-top-column elementor-element elementor-element-57706f7e\" data-id=\"57706f7e\" data-element_type=\"column\">\n\t\t\t<div class=\"elementor-widget-wrap elementor-element-populated\">\n\t\t\t\t\t\t<div class=\"elementor-element elementor-element-714870d5 elementor-widget__width-auto elementor-widget elementor-widget-text-editor\" data-id=\"714870d5\" data-element_type=\"widget\" data-widget_type=\"text-editor.default\">\n\t\t\t\t<div class=\"elementor-widget-container\">\n\t\t\t<style>\/*! elementor - v3.20.0 - 26-03-2024 *\/\n.elementor-widget-text-editor.elementor-drop-cap-view-stacked .elementor-drop-cap{background-color:#69727d;color:#fff}.elementor-widget-text-editor.elementor-drop-cap-view-framed .elementor-drop-cap{color:#69727d;border:3px solid;background-color:transparent}.elementor-widget-text-editor:not(.elementor-drop-cap-view-default) .elementor-drop-cap{margin-top:8px}.elementor-widget-text-editor:not(.elementor-drop-cap-view-default) .elementor-drop-cap-letter{width:1em;height:1em}.elementor-widget-text-editor .elementor-drop-cap{float:left;text-align:center;line-height:1;font-size:50px}.elementor-widget-text-editor .elementor-drop-cap-letter{display:inline-block}<\/style>\t\t\t\t<header class=\"entry-header\"><div class=\"entry-cover\"><div class=\"entry-info\"><div class=\"inner-wrap\"><h1 class=\"entry-title\" style=\"text-align: left;\">Festivali maskotid<\/h1><p>Tulipunaste k\u00f5rvade ja sabaga rebaset\u00fcdruk Aki, kavala n\u00e4oga hundipoiss Sousuke ja pisike Wilhelm on meie plakateid juba p\u00e4ris mitu aastat kaunistanud. Aki ja Sousuke on igal aastal v\u00f5tnud osa ka festivalist endast, jagades infot \u00fcrituse kohta, juhtides avamisi ja l\u00f5petamisi ning pakkunud seltsi meie k\u00fclastajatele. Aga kes nad \u00f5ige sellised on?<\/p><figure class=\"wp-block-image size-full is-resized\"><\/figure><h3 class=\"wp-block-heading\"><strong><img decoding=\"async\" class=\"aligncenter wp-image-2236\" src=\"https:\/\/animatsuri.eu\/2023\/wp-content\/uploads\/2023\/11\/Aki_v.png\" alt=\"\" width=\"800\" height=\"620\" srcset=\"https:\/\/animatsuri.eu\/2023\/wp-content\/uploads\/2023\/11\/Aki_v.png 1024w, https:\/\/animatsuri.eu\/2023\/wp-content\/uploads\/2023\/11\/Aki_v-300x233.png 300w, https:\/\/animatsuri.eu\/2023\/wp-content\/uploads\/2023\/11\/Aki_v-768x596.png 768w\" sizes=\"(max-width: 800px) 100vw, 800px\" \/>Aki<\/strong><\/h3><ul><li>Liik: rebane (jaapani \u2018<em>kitsune<\/em>\u2018)<\/li><li>Vanus: 24<\/li><li>Maskott aastast: 2009<\/li><\/ul><p>Aki tekkelugu sai alguse tegelikult juba mitu aastat varem, kui festivali peakorraldaja Kaia l\u00f5i lihtsalt \u00fche lihtsa visandi \u00fchest t\u00fcdrukust, m\u00f5eldes just festivali peale. Toona ei n\u00e4inud ta \u00fcldse praeguse Aki moodi v\u00e4lja, kuid nimi sai juba varakult paika pandud. \u201cAki\u201d t\u00e4hendab jaapani keeles \u201cs\u00fcgist\u201d.<\/p><p>Ja mida on Akil endast r\u00e4\u00e4kida?<\/p><p>\u201cTere k\u00f5igile! Mina olen rebaset\u00fcdruk Aki. Minu nimi t\u00e4hendab jaapani keeles s\u00fcgist ja minu arust on see v\u00e4ga sobiv, sest mu juuksed ja saba on l\u00f5\u00f5mavpunased! Nagu puulehed sel v\u00e4rvikireval aastaajal. Mulle nii meeldib see!<\/p><p>Oi, iseloomult olen ma muretu ja alati positiivselt meelestatud. Siiski v\u00f5tan ma k\u00f5iki oma kohustusi v\u00e4ga t\u00f5siselt, mis on rohkem, kui ma saan v\u00e4ita oma kaasmaskottide kohta, kuid armastan neid siiski meeletult.<\/p><p>&#8220;Ma ei j\u00f5ua AniMatsurit ja k\u00f5igi teiega kohtumist \u00e4ra oodata! \u201c<\/p><figure class=\"wp-block-image size-full is-resized\"><\/figure><h3 class=\"wp-block-heading\"><strong><img decoding=\"async\" class=\"aligncenter wp-image-2237\" src=\"https:\/\/animatsuri.eu\/2023\/wp-content\/uploads\/2023\/11\/sousuke_v.png\" alt=\"\" width=\"800\" height=\"750\" srcset=\"https:\/\/animatsuri.eu\/2023\/wp-content\/uploads\/2023\/11\/sousuke_v.png 1024w, https:\/\/animatsuri.eu\/2023\/wp-content\/uploads\/2023\/11\/sousuke_v-300x281.png 300w, https:\/\/animatsuri.eu\/2023\/wp-content\/uploads\/2023\/11\/sousuke_v-768x720.png 768w\" sizes=\"(max-width: 800px) 100vw, 800px\" \/>Sousuke<\/strong><\/h3><ul><li>Liik: hunt (jaapani \u2018<em>okami<\/em>\u2018)<\/li><li>Vanus: 23<\/li><li>Maskott aastast: 2011<\/li><\/ul><p>Aki tuleku j\u00e4rel hakkas tekkima m\u00f5te, et Akil v\u00f5iks olla kaaslane, kellega jagada festivalil esinevaid kohustusi ning olla l\u00f5busaks seltsiliseks. Kui juba oli olemas rebaset\u00fcdruk, siis miks mitte \u00fcks hundipoiss. Rebased ja hundid on Jaapani folklooris v\u00e4ga levinud. Sousukele omistatud nimi oli Kaial pikemat aega m\u00f5tteis m\u00f5lkunud. Inspiratsioon Sousuke loomiseks tuli samanimeliselt tegelaselt animes\u00a0<a href=\"https:\/\/fullmetalpanic.fandom.com\/wiki\/Sousuke_Sagara\">Full Metal Panic<\/a>.<\/p><p>Ja kuidas tutvustab Sousuke ennast ise?<\/p><p>\u201cYo, nimi on Sousuke. Ma olen mustade juuste ja sabaga hundipoiss. Mulle meeldib l\u00f5butseda! Festivalil v\u00f5ite n\u00e4ha mind ringi jooksmas, vembutamas ja muidu pahandusi tegemas. Mulle meeldib uusi asju proovida, k\u00f5iki m\u00e4nge m\u00e4ngida ja kohtuda nii paljude k\u00fclastajatega kui v\u00f5imalik!\u201d<\/p><figure class=\"wp-block-image size-full is-resized\"><\/figure><h3 class=\"wp-block-heading\"><strong><img loading=\"lazy\" decoding=\"async\" class=\"aligncenter wp-image-2238\" src=\"https:\/\/animatsuri.eu\/2023\/wp-content\/uploads\/2023\/11\/wilhelm.png\" alt=\"\" width=\"500\" height=\"421\" srcset=\"https:\/\/animatsuri.eu\/2023\/wp-content\/uploads\/2023\/11\/wilhelm.png 758w, https:\/\/animatsuri.eu\/2023\/wp-content\/uploads\/2023\/11\/wilhelm-300x253.png 300w\" sizes=\"(max-width: 500px) 100vw, 500px\" \/>Wilhelm<\/strong><\/h3><ul><li>Liik: karu (jaapani \u2018<em>kuma<\/em>\u2018)<\/li><li>Vanus: 10<\/li><li>Maskott aastast: 2012<\/li><\/ul><p>Wilhelmi saabumise lugu on natukene teistsugune. M\u00f5tlesime, et oleks tore omada lisaks veel sellist pisikest nunnut tegelast ja nii s\u00fcndiski visioon \u00fchest\u00a0<em>onigiri<\/em>-kujulisest karukesest. Nime otsustasime otsida h\u00e4\u00e4letuse abil ning p\u00e4rast m\u00f5nda aega kestnud avalikku h\u00e4\u00e4letust sai karuke nimeks Wilhelm.<\/p><p>Ja mida \u00fctleks Wilhelm teile, kui end tutvustab?<\/p><p>\u201cTere. Minu nimi on Wilhelm. Olen pisike ja kahvatuoran\u017e. \u00d6eldakse, et mul on salap\u00e4rane naeratus, nagu mul oleks midagi plaanis v\u00f5i lihtsalt s\u00fcgavalt m\u00f5ttes. Kumb see siis on? Sa arvatavasti ei saa kunagi teada, aga kui juhtub, et su teele satun, suudaksid sa minu salap\u00e4ra paljastada?\u201d<\/p><\/div><\/div><\/div><\/header>\t\t\t\t\t\t<\/div>\n\t\t\t\t<\/div>\n\t\t\t\t\t<\/div>\n\t\t<\/div>\n\t\t\t\t\t<\/div>\n\t\t<\/section>\n\t\t\t\t<\/div>\n\t\t","protected":false},"excerpt":{"rendered":"<p>Festivali maskotid Tulipunaste k\u00f5rvade ja sabaga rebaset\u00fcdruk Aki, kavala n\u00e4oga hundipoiss Sousuke ja pisike Wilhelm on meie plakateid juba p\u00e4ris mitu aastat kaunistanud. Aki ja Sousuke on igal aastal v\u00f5tnud osa ka festivalist endast, jagades infot \u00fcrituse kohta, juhtides avamisi ja l\u00f5petamisi ning pakkunud seltsi meie k\u00fclastajatele. Aga kes nad \u00f5ige sellised on? Aki Liik: [&hellip;]<\/p>\n","protected":false},"author":1,"featured_media":0,"parent":0,"menu_order":0,"comment_status":"closed","ping_status":"closed","template":"elementor_header_footer","meta":{"footnotes":""},"_links":{"self":[{"href":"https:\/\/animatsuri.eu\/2023\/index.php?rest_route=\/wp\/v2\/pages\/484"}],"collection":[{"href":"https:\/\/animatsuri.eu\/2023\/index.php?rest_route=\/wp\/v2\/pages"}],"about":[{"href":"https:\/\/animatsuri.eu\/2023\/index.php?rest_route=\/wp\/v2\/types\/page"}],"author":[{"embeddable":true,"href":"https:\/\/animatsuri.eu\/2023\/index.php?rest_route=\/wp\/v2\/users\/1"}],"replies":[{"embeddable":true,"href":"https:\/\/animatsuri.eu\/2023\/index.php?rest_route=%2Fwp%2Fv2%2Fcomments&post=484"}],"version-history":[{"count":70,"href":"https:\/\/animatsuri.eu\/2023\/index.php?rest_route=\/wp\/v2\/pages\/484\/revisions"}],"predecessor-version":[{"id":2633,"href":"https:\/\/animatsuri.eu\/2023\/index.php?rest_route=\/wp\/v2\/pages\/484\/revisions\/2633"}],"wp:attachment":[{"href":"https:\/\/animatsuri.eu\/2023\/index.php?rest_route=%2Fwp%2Fv2%2Fmedia&parent=484"}],"curies":[{"name":"wp","href":"https:\/\/api.w.org\/{rel}","templated":true}]}}