{"id":1166,"date":"2024-06-16T18:49:30","date_gmt":"2024-06-16T16:49:30","guid":{"rendered":"https:\/\/animatsuri.eu\/2024\/?page_id=1166"},"modified":"2024-07-03T20:57:49","modified_gmt":"2024-07-03T18:57:49","slug":"karaoke-2","status":"publish","type":"page","link":"https:\/\/animatsuri.eu\/2024\/karaoke-2\/","title":{"rendered":"Karaoke"},"content":{"rendered":"\n<p>Populaarne festivali ajaviide on tagasi! Pane oma h\u00e4\u00e4lepaelad valmis ja tule \u00fchine meiega karaoke ruumis! Nagu vanasti, toimub karaoke laulmine kogu festivali v\u00e4ltel. Karaokel on t\u00e4iesti oma ruum. Kui julgus tuleb, lihtsalt mine ja laula!<\/p>\n\n\n\n<p>Kui teil on huvi mingi kindla loo vastu, siis saatke meile loo esitaja ja pealkiri aadressile karaoke@animatsuri.eu. Me ei saa kinnitada, et lugu kindlalt nimekirja saab, aga anname endast parima!<\/p>\n\n\n\n<p>Head laulmist!<\/p>\n","protected":false},"excerpt":{"rendered":"<p>Populaarne festivali ajaviide on tagasi! Pane oma h\u00e4\u00e4lepaelad valmis ja tule \u00fchine meiega karaoke ruumis! Nagu vanasti, toimub karaoke laulmine kogu festivali v\u00e4ltel. Karaokel on t\u00e4iesti oma ruum. Kui julgus tuleb, lihtsalt mine ja laula! Kui teil on huvi mingi kindla loo vastu, siis saatke meile loo esitaja ja pealkiri aadressile karaoke@animatsuri.eu. Me ei saa [&hellip;]<\/p>\n","protected":false},"author":2,"featured_media":199,"parent":0,"menu_order":0,"comment_status":"closed","ping_status":"closed","template":"","meta":{"footnotes":""},"_links":{"self":[{"href":"https:\/\/animatsuri.eu\/2024\/wp-json\/wp\/v2\/pages\/1166"}],"collection":[{"href":"https:\/\/animatsuri.eu\/2024\/wp-json\/wp\/v2\/pages"}],"about":[{"href":"https:\/\/animatsuri.eu\/2024\/wp-json\/wp\/v2\/types\/page"}],"author":[{"embeddable":true,"href":"https:\/\/animatsuri.eu\/2024\/wp-json\/wp\/v2\/users\/2"}],"replies":[{"embeddable":true,"href":"https:\/\/animatsuri.eu\/2024\/wp-json\/wp\/v2\/comments?post=1166"}],"version-history":[{"count":1,"href":"https:\/\/animatsuri.eu\/2024\/wp-json\/wp\/v2\/pages\/1166\/revisions"}],"predecessor-version":[{"id":1167,"href":"https:\/\/animatsuri.eu\/2024\/wp-json\/wp\/v2\/pages\/1166\/revisions\/1167"}],"wp:featuredmedia":[{"embeddable":true,"href":"https:\/\/animatsuri.eu\/2024\/wp-json\/wp\/v2\/media\/199"}],"wp:attachment":[{"href":"https:\/\/animatsuri.eu\/2024\/wp-json\/wp\/v2\/media?parent=1166"}],"curies":[{"name":"wp","href":"https:\/\/api.w.org\/{rel}","templated":true}]}}