{"id":1749,"date":"2024-07-17T06:52:55","date_gmt":"2024-07-17T04:52:55","guid":{"rendered":"https:\/\/animatsuri.eu\/2024\/?page_id=1749"},"modified":"2024-07-17T15:10:50","modified_gmt":"2024-07-17T13:10:50","slug":"toitlustus","status":"publish","type":"page","link":"https:\/\/animatsuri.eu\/2024\/toitlustus\/","title":{"rendered":"Toitlustus"},"content":{"rendered":"\n<p>K\u00e4esoleval aastal AniMatsuri festival toitlustust ei paku, k\u00fcll aga on v\u00f5imalik kohapeale v\u00f5tta kaasa oma s\u00f6\u00f6ki (s\u00fc\u00fca tohib seda ainult selleks ette n\u00e4htud s\u00f6\u00f6miskohas) ja l\u00e4hedalasuvas <a href=\"https:\/\/www.aparaaditehas.ee\/\">Aparaaditehases<\/a> on mitmed toitlustusasutused, mille vahelt valida. Nendest Trikster Tihane pakub AniMatsuri k\u00e4epaela ette n\u00e4idates ka soodustust. M\u00f5neminutilise jalutusk\u00e4igu kaugusel on ka Lembitu Konsum, kus asub Coop.<\/p>\n\n\n\n<div style=\"height:40px\" aria-hidden=\"true\" class=\"wp-block-spacer\"><\/div>\n\n\n\n<hr class=\"wp-block-separator has-alpha-channel-opacity\"\/>\n\n\n\n<div style=\"height:40px\" aria-hidden=\"true\" class=\"wp-block-spacer\"><\/div>\n\n\n\n<h4 class=\"wp-block-heading\">Trikster tihane<\/h4>\n\n\n\n<ul>\n<li><em>-10<\/em>% <em>kogu men\u00fc\u00fc ulatuses<\/em><\/li>\n\n\n\n<li><em>Avatud ainult laup\u00e4eval<\/em><\/li>\n\n\n\n<li><a href=\"https:\/\/trikstertihane.ee\/\">www.trikstertihane.ee<\/a><\/li>\n<\/ul>\n\n\n\n<p>Trikster Tihane on kohvik-resto, mis asub Tartus Aparaaditehase hoones. Trikster Tihane pakub oma k\u00fclalistele hommikus\u00f6\u00f6ke, l\u00f5unapakkumisi ja laiast maailmast inspireeritud \u00e0 la carte men\u00fc\u00fcd. Men\u00fc\u00fcs on saadaval ka maitsvaid roogi taimetoidu armastajatele. Korraldage j\u00e4rgmine pidu Trikster Tihases! Meie siseruumis on 80 istekohta ning sobib mitmesuguste \u00fcrituste korraldamiseks. Laste ja t\u00e4iskasvanute s\u00fcnnip\u00e4evad, l\u00f5bus \u00f5htu s\u00f5pradega, t\u00fcdrukute\u00f5htu, t\u00f6\u00f6koosolek v\u00f5i mis tahes muu eriline \u00fcritus. Samuti on v\u00f5imalik meilt tellida toitlustusteenust! Kirjuta meile oma soovid ja meie katame teie peolaua!<\/p>\n\n\n\n<div style=\"height:40px\" aria-hidden=\"true\" class=\"wp-block-spacer\"><\/div>\n\n\n\n<hr class=\"wp-block-separator has-alpha-channel-opacity\"\/>\n\n\n\n<div style=\"height:40px\" aria-hidden=\"true\" class=\"wp-block-spacer\"><\/div>\n\n\n\n<h4 class=\"wp-block-heading\">Teised kohad Aparaaditehases, kus s\u00fc\u00fca<\/h4>\n\n\n\n<ul>\n<li>Aparaat \u2013 <a href=\"https:\/\/www.aparaadiresto.ee\/\">www.aparaadiresto.ee<\/a><\/li>\n\n\n\n<li>Cruffin \u2013 <a href=\"https:\/\/cruffin.ee\/\">www.cruffin.ee<\/a><\/li>\n\n\n\n<li>Kolm Tilli \u2013 <a href=\"https:\/\/sevensons.ee\/kohad\/kolm-tilli\/\">www.sevensons.ee<\/a><\/li>\n\n\n\n<li>Puhvet \u2013 <a href=\"https:\/\/www.facebook.com\/kastanipuhvet\/\">www.facebook.com\/kastanipuhvet<\/a>\u00a0(<em>avatud ainult laup\u00e4eval<\/em>)<\/li>\n\n\n\n<li>Veg Machine \u2013 <a href=\"https:\/\/vegmachine.ee\/\">www.vegmachine.ee<\/a><\/li>\n<\/ul>\n\n\n\n<p>M\u00f5ne minutilise jalutusk\u00e4igu kaugusel asub ka Coopi pood, mis asub Lembitu Konsumis (Lembitu 2).<\/p>\n","protected":false},"excerpt":{"rendered":"<p>K\u00e4esoleval aastal AniMatsuri festival toitlustust ei paku, k\u00fcll aga on v\u00f5imalik kohapeale v\u00f5tta kaasa oma s\u00f6\u00f6ki (s\u00fc\u00fca tohib seda ainult selleks ette n\u00e4htud s\u00f6\u00f6miskohas) ja l\u00e4hedalasuvas Aparaaditehases on mitmed toitlustusasutused, mille vahelt valida. Nendest Trikster Tihane pakub AniMatsuri k\u00e4epaela ette n\u00e4idates ka soodustust. M\u00f5neminutilise jalutusk\u00e4igu kaugusel on ka Lembitu Konsum, kus asub Coop. Trikster tihane [&hellip;]<\/p>\n","protected":false},"author":2,"featured_media":182,"parent":0,"menu_order":0,"comment_status":"closed","ping_status":"closed","template":"","meta":{"footnotes":""},"_links":{"self":[{"href":"https:\/\/animatsuri.eu\/2024\/wp-json\/wp\/v2\/pages\/1749"}],"collection":[{"href":"https:\/\/animatsuri.eu\/2024\/wp-json\/wp\/v2\/pages"}],"about":[{"href":"https:\/\/animatsuri.eu\/2024\/wp-json\/wp\/v2\/types\/page"}],"author":[{"embeddable":true,"href":"https:\/\/animatsuri.eu\/2024\/wp-json\/wp\/v2\/users\/2"}],"replies":[{"embeddable":true,"href":"https:\/\/animatsuri.eu\/2024\/wp-json\/wp\/v2\/comments?post=1749"}],"version-history":[{"count":4,"href":"https:\/\/animatsuri.eu\/2024\/wp-json\/wp\/v2\/pages\/1749\/revisions"}],"predecessor-version":[{"id":1772,"href":"https:\/\/animatsuri.eu\/2024\/wp-json\/wp\/v2\/pages\/1749\/revisions\/1772"}],"wp:featuredmedia":[{"embeddable":true,"href":"https:\/\/animatsuri.eu\/2024\/wp-json\/wp\/v2\/media\/182"}],"wp:attachment":[{"href":"https:\/\/animatsuri.eu\/2024\/wp-json\/wp\/v2\/media?parent=1749"}],"curies":[{"name":"wp","href":"https:\/\/api.w.org\/{rel}","templated":true}]}}