{"id":904,"date":"2024-06-08T09:19:26","date_gmt":"2024-06-08T07:19:26","guid":{"rendered":"https:\/\/animatsuri.eu\/2024\/?page_id=904"},"modified":"2024-07-15T19:43:15","modified_gmt":"2024-07-15T17:43:15","slug":"cosplay-fotovoistlus","status":"publish","type":"page","link":"https:\/\/animatsuri.eu\/2024\/cosplay-fotovoistlus\/","title":{"rendered":"Cosplay fotov\u00f5istlus"},"content":{"rendered":"\n<p><a href=\"#registreerimine\" data-type=\"internal\" data-id=\"#registreerimine\">REGISTREERIMINE<\/a> | <a href=\"#peareeglid\" data-type=\"internal\" data-id=\"#peareeglid\">PEAREEGLID<\/a> | <a href=\"#auhinnad\" data-type=\"internal\" data-id=\"#auhinnad\">AUHINNAD<\/a> | <a href=\"#zurii\">\u017d\u00dcRII<\/a><\/p>\n\n\n\n<div style=\"height:40px\" aria-hidden=\"true\" class=\"wp-block-spacer\"><\/div>\n\n\n\n<h5 class=\"wp-block-heading\" id=\"registreerimine\">REGISTREERIMINE<\/h5>\n\n\n\n<ol>\n<li>T\u00e4itke veebip\u00f5hine taotlusvorm <a href=\"https:\/\/docs.google.com\/forms\/d\/e\/1FAIpQLSfsdgDiimq215GA3w9rSsz1rqOvWDlI6xCUUYe3RarU96aOaQ\/viewform\">SIIN<\/a>, m\u00e4rkides kogu vajaliku teabe tegelase, cosplay modelli ja fotograafi kohta. T\u00e4htaeg on <strong>7. juuli 2024<\/strong>.<\/li>\n\n\n\n<li>Fotosid v\u00f5ib esitada nii fotograaf kui ka cosplay modell, kuid selleks peab olema m\u00f5lema asjaosalise N\u00d5USOLEK.<\/li>\n\n\n\n<li>Konkursil osalemiseks peab osaleja esitama fotod <strong>nii digitaalsel kujul kui ka f\u00fc\u00fcsilise koopia, <\/strong>mida esitletakse \u00fcrituse ajal.<\/li>\n\n\n\n<li>F\u00fc\u00fcsilised fotod tuleb esitada <strong>\u00fcrituse esimesel p\u00e4eval (20. juuli) kuni kella 13.00-ni <\/strong>infoletti v\u00f5i saata <strong>posti teel hiljemalt 15. juulil 2024<\/strong> aadressile <strong>Vanemuise 48, 51003, Tartu.<\/strong> Kui foto ei ole saabunud<strong> 19. juuliks,<\/strong> palume foto \u00fcritusele kaasa v\u00f5tta, vastasel juhul teid diskvalifitseeritakse. NB! Kirjad v\u00f5ivad posti teel kaduma minna, nii et veenduge, et teil oleks igaks juhuks lisaeksemplar kaasas, et tuua kaasa 20. juulil toimuvale \u00fcritusele, kui taoline \u00f5nnetus juhtub.<\/li>\n\n\n\n<li>Soovi korral saate oma fotod tagasi 2. p\u00e4eva l\u00f5pus infolauast v\u00f5i kontakteerudes cosplay meeskonnaga, kuid me ei saada teile hiljem fotosid postiga tagasi.<\/li>\n\n\n\n<li>Auhinnad kuulutatakse v\u00e4lja \u00fcrituse teisel p\u00e4eval (21. juulil) peaauhinnatseremoonial.<\/li>\n\n\n\n<li>Kuigi \u00fcks fotograaf saab esitada mitu fotot, saab ta konkursil osaleda vaid \u00fche korra, mis t\u00e4hendab, et mitut auhinda ta v\u00f5ita ei saa (v.a publiku lemmikauhind).<\/li>\n<\/ol>\n\n\n\n<div style=\"height:40px\" aria-hidden=\"true\" class=\"wp-block-spacer\"><\/div>\n\n\n\n<h5 class=\"wp-block-heading\" id=\"peareeglid\">PEAREEGLID<\/h5>\n\n\n\n<ol>\n<li>Fotod ei tohi sisaldada seksuaalset materjali, ebas\u00fcndsaid \u017eeste, roppusi ega \u00e4\u00e4rmist v\u00e4givalda.<\/li>\n\n\n\n<li>Fotod peavad olema tr\u00fckitud hea kvaliteediga fotopaberile, mille suurus on v\u00e4hemalt <strong>A4 <\/strong>(soovitav 2480 x 3508 pikslit) ja maksimaalselt <strong>A3 <\/strong>formaadis (4961 x 3508 px). Veebifotod tuleb esitada JPG-, JPEG- v\u00f5i PNG-vormingus.<\/li>\n\n\n\n<li>Photoshopi kasutamine on lubatud.<\/li>\n\n\n\n<li>K\u00f5ik fotod tuleb saata meile veebip\u00f5hise taotlusvormi kaudu ja meie komisjon peab need kinnitama. P\u00e4rast kinnitusmeili saamist <strong>tuleb fotod esitada f\u00fc\u00fcsiliselt posti teel <\/strong>v\u00f5i <strong>anda meeskonnale \u00fcrituse esimesel hommikul hiljemalt kell 13.00 <\/strong>(laup\u00e4eval, 20. juulil).<\/li>\n\n\n\n<li>Fotode saatmine posti teel: saata hiljemalt <strong>15. juulil 2024 <\/strong>aadressile <strong>Vanemuise 48, 51003, Tartu.<\/strong> Saaja nimeks tuleb m\u00e4rkida <strong>MT\u00dc Jaapani kultuuriklubi Asashio.<\/strong> Palun kirjuta foto taha fotograafi t\u00e4isnimi ja modelli nimi. Fotod peavad saabuma <strong>19. juuliks<\/strong> (parem saata varem kui hiljem). Kui foto ei ole saabunud<strong> <strong>19. juuliks<\/strong>,<\/strong> palume foto \u00fcritusele kaasa v\u00f5tta, vastasel juhul teid diskvalifitseeritakse.<\/li>\n\n\n\n<li>\u00dcks fotograaf ei saa esitada <strong>rohkem kui 3 fotot;<\/strong> \u00fcks cosplay modell ei tohi olla<strong> rohkem kui 3 fotol.<\/strong> Kui kas modell v\u00f5i fotograaf ei ole andnud n\u00f5usolekut v\u00f5istluses osalemises, siis foto diskvalifitseeritakse ja ei eksponeerita \u00fcritusel.<\/li>\n\n\n\n<li>Cosband\/grupp on piiratud \u00fche pildistamisega, kus on <strong>maksimaalselt 3 grupipilti <\/strong>\u00fche grupi kohta, ning kui on olukord, kus \u00fchel inimesel on nii grupi- kui ka soolopildid, saab \u00fcks modell ikkagi olla kokku ainult 3 fotol.<\/li>\n\n\n\n<li>Meile fotosid saates kinnitate, et k\u00f5ik osapooled lubavad fotosid konkursile kaasata. Kui fotod on saadetud ilma k\u00f5igi osapoole n\u00f5usolekuta, siis fotosid v\u00f5istlusele ei v\u00f5eta.<\/li>\n\n\n\n<li>Konkursiga liitudes n\u00f5ustute fotode kasutamisega AniMatsuri reklaami eesm\u00e4rgil (viidetega fotograafile).<\/li>\n\n\n\n<li>Taotluse esitamisega n\u00f5ustute j\u00e4rgima konkursi reegleid.<\/li>\n<\/ol>\n\n\n\n<p>\u200bKinnitatud ja \u00f5igeaegselt meile toodud t\u00f6\u00f6d on AniMatsuri 2024 galeriis v\u00e4ljas 20. ja 21. juulil 2024.<\/p>\n\n\n\n<div style=\"height:40px\" aria-hidden=\"true\" class=\"wp-block-spacer\"><\/div>\n\n\n\n<h5 class=\"wp-block-heading\" id=\"auhinnad\">AUHINNAD<\/h5>\n\n\n\n<p>K\u00f5iki t\u00f6id hindab professionaalne \u017e\u00fcrii ning 3 parimat fotot autasustatakse auhindadega. \u017d\u00fcriiliikmetega tutvumiseks j\u00e4lgi meie sotsiaalmeediat t\u00e4helepanelikult! Lisaks on meil ka publiku lemmiku auhind, mille valib publik.<\/p>\n\n\n\n<p>Lisak\u00fcsimuste korral v\u00f5tke meiega \u00fchendust <a href=\"mailto:cosplay@animatsuri.eu\">cosplay@animatsuri.eu<\/a>.<\/p>\n\n\n\n<div style=\"height:40px\" aria-hidden=\"true\" class=\"wp-block-spacer\"><\/div>\n\n\n\n<h5 class=\"wp-block-heading\" id=\"zurii\">\u017d\u00dcRII<\/h5>\n\n\n\n<div class=\"wp-block-media-text is-stacked-on-mobile\"><figure class=\"wp-block-media-text__media\"><img fetchpriority=\"high\" decoding=\"async\" width=\"683\" height=\"1024\" src=\"https:\/\/animatsuri.eu\/2024\/wp-content\/uploads\/2024\/07\/Chris-Kon-683x1024.jpg\" alt=\"\" class=\"wp-image-1719 size-full\" srcset=\"https:\/\/animatsuri.eu\/2024\/wp-content\/uploads\/2024\/07\/Chris-Kon-683x1024.jpg 683w, https:\/\/animatsuri.eu\/2024\/wp-content\/uploads\/2024\/07\/Chris-Kon-200x300.jpg 200w, https:\/\/animatsuri.eu\/2024\/wp-content\/uploads\/2024\/07\/Chris-Kon-768x1152.jpg 768w, https:\/\/animatsuri.eu\/2024\/wp-content\/uploads\/2024\/07\/Chris-Kon.jpg 800w\" sizes=\"(max-width: 683px) 100vw, 683px\" \/><\/figure><div class=\"wp-block-media-text__content\">\n<h4 class=\"wp-block-heading\">Chris Kon<\/h4>\n\n\n\n<p>Chris Kon has been dedicated to capturing the artistry of the cosplay community through visually striking photography. Inspired by various forms of art, he enjoys experimenting with different themes and lighting techniques to create unique and engaging images. Constantly striving to improve and perfect his craft, Chris focuses on bringing fresh perspectives and creativity to each photoshoot.<\/p>\n\n\n\n<p>Find him on social media:<br><a href=\"https:\/\/www.instagram.com\/chriskonphoto\/\" target=\"_blank\" rel=\"noreferrer noopener\">https:\/\/www.instagram.com\/chriskonphoto\/<\/a><br><a href=\"https:\/\/www.facebook.com\/ChrisKonPhoto?__cft__[0]=AZW5AWnd52vj6lJ93TxgR_yRisk3o5H_dpAqdU_EYiPAAjnDW6_n0INL_GQJAc2T9cUJASg-vacJsgZbPA2y40MjX-6TK3sLMajj1x_5mqCghK-GJt82Edf8AY2zJF9HHE5xr4MUXK-vzAULf8rPdRq19kWYdrM5XziXBA2u8fyVe56EIM19YctkTWpVTvCQjtU&amp;__tn__=-]K*F\">https:\/\/www.facebook.com\/ChrisKonPhoto<\/a><\/p>\n<\/div><\/div>\n\n\n\n<div style=\"height:40px\" aria-hidden=\"true\" class=\"wp-block-spacer\"><\/div>\n\n\n\n<hr class=\"wp-block-separator has-alpha-channel-opacity\"\/>\n\n\n\n<div style=\"height:40px\" aria-hidden=\"true\" class=\"wp-block-spacer\"><\/div>\n\n\n\n<div class=\"wp-block-media-text is-stacked-on-mobile\"><figure class=\"wp-block-media-text__media\"><img decoding=\"async\" width=\"683\" height=\"1024\" src=\"https:\/\/animatsuri.eu\/2024\/wp-content\/uploads\/2024\/07\/AME4501-683x1024.jpg\" alt=\"\" class=\"wp-image-1721 size-full\" srcset=\"https:\/\/animatsuri.eu\/2024\/wp-content\/uploads\/2024\/07\/AME4501-683x1024.jpg 683w, https:\/\/animatsuri.eu\/2024\/wp-content\/uploads\/2024\/07\/AME4501-200x300.jpg 200w, https:\/\/animatsuri.eu\/2024\/wp-content\/uploads\/2024\/07\/AME4501-768x1152.jpg 768w, https:\/\/animatsuri.eu\/2024\/wp-content\/uploads\/2024\/07\/AME4501-1024x1536.jpg 1024w, https:\/\/animatsuri.eu\/2024\/wp-content\/uploads\/2024\/07\/AME4501-1366x2048.jpg 1366w, https:\/\/animatsuri.eu\/2024\/wp-content\/uploads\/2024\/07\/AME4501.jpg 1707w\" sizes=\"(max-width: 683px) 100vw, 683px\" \/><\/figure><div class=\"wp-block-media-text__content\">\n<h4 class=\"wp-block-heading\">Kristof Nachtergaele<\/h4>\n\n\n\n<p>Kristof Nachtergaele aka N8e picked up a camera in 2006 and stumbled into a convention the year after that, discovered cosplay and stuck around. Photography is still a hobby that evolved from just a camera with built-in flash to dragging a truckload of flashes with him for shoots. He still finds it amazing that this hobby lets him meet people from all over the world and people still come over to shoot with him at conventions.<\/p>\n\n\n\n<p>Find him on instagram:<br><a href=\"https:\/\/www.instagram.com\/knachte\/\" target=\"_blank\" rel=\"noreferrer noopener\">https:\/\/www.instagram.com\/knachte\/<\/a><\/p>\n<\/div><\/div>\n\n\n\n<div style=\"height:40px\" aria-hidden=\"true\" class=\"wp-block-spacer\"><\/div>\n\n\n\n<hr class=\"wp-block-separator has-alpha-channel-opacity\"\/>\n\n\n\n<div style=\"height:40px\" aria-hidden=\"true\" class=\"wp-block-spacer\"><\/div>\n\n\n\n<div class=\"wp-block-media-text is-stacked-on-mobile\"><figure class=\"wp-block-media-text__media\"><img decoding=\"async\" width=\"683\" height=\"1024\" src=\"https:\/\/animatsuri.eu\/2024\/wp-content\/uploads\/2024\/07\/Autoportree-683x1024.jpeg\" alt=\"\" class=\"wp-image-1722 size-full\" srcset=\"https:\/\/animatsuri.eu\/2024\/wp-content\/uploads\/2024\/07\/Autoportree-683x1024.jpeg 683w, https:\/\/animatsuri.eu\/2024\/wp-content\/uploads\/2024\/07\/Autoportree-200x300.jpeg 200w, https:\/\/animatsuri.eu\/2024\/wp-content\/uploads\/2024\/07\/Autoportree-768x1152.jpeg 768w, https:\/\/animatsuri.eu\/2024\/wp-content\/uploads\/2024\/07\/Autoportree-1024x1536.jpeg 1024w, https:\/\/animatsuri.eu\/2024\/wp-content\/uploads\/2024\/07\/Autoportree-1365x2048.jpeg 1365w, https:\/\/animatsuri.eu\/2024\/wp-content\/uploads\/2024\/07\/Autoportree.jpeg 1448w\" sizes=\"(max-width: 683px) 100vw, 683px\" \/><\/figure><div class=\"wp-block-media-text__content\">\n<h4 class=\"wp-block-heading\">Marcus Vall<\/h4>\n\n\n\n<p>What Marcus Vall aka Strawtownhero has said about themselves:<\/p>\n\n\n\n<p>\u201cThe time and place are the difference between success and failure. Understanding the interplay of light is the key to whether something is or isn\u2019t. For roughly ten years, I\u2019ve walked alongside light, camera in hand, with both portraits and landscape photography.\u201d<br><br>You can find them on social media:<br><a href=\"https:\/\/www.instagram.com\/strawtownhero\/\" target=\"_blank\" rel=\"noreferrer noopener\">https:\/\/www.instagram.com\/strawtownhero\/<\/a><br><a href=\"https:\/\/www.instagram.com\/cosplayarkivet\/\" target=\"_blank\" rel=\"noreferrer noopener\">https:\/\/www.instagram.com\/cosplayarkivet\/<\/a><br><a href=\"https:\/\/www.facebook.com\/Strawtownhero?__tn__=-]K*F\">https:\/\/www.facebook.com\/Strawtownhero\/<\/a><\/p>\n<\/div><\/div>\n","protected":false},"excerpt":{"rendered":"<p>REGISTREERIMINE | PEAREEGLID | AUHINNAD | \u017d\u00dcRII REGISTREERIMINE PEAREEGLID \u200bKinnitatud ja \u00f5igeaegselt meile toodud t\u00f6\u00f6d on AniMatsuri 2024 galeriis v\u00e4ljas 20. ja 21. juulil 2024. AUHINNAD K\u00f5iki t\u00f6id hindab professionaalne \u017e\u00fcrii ning 3 parimat fotot autasustatakse auhindadega. \u017d\u00fcriiliikmetega tutvumiseks j\u00e4lgi meie sotsiaalmeediat t\u00e4helepanelikult! Lisaks on meil ka publiku lemmiku auhind, mille valib publik. Lisak\u00fcsimuste korral [&hellip;]<\/p>\n","protected":false},"author":2,"featured_media":999,"parent":0,"menu_order":0,"comment_status":"closed","ping_status":"closed","template":"","meta":{"footnotes":""},"_links":{"self":[{"href":"https:\/\/animatsuri.eu\/2024\/wp-json\/wp\/v2\/pages\/904"}],"collection":[{"href":"https:\/\/animatsuri.eu\/2024\/wp-json\/wp\/v2\/pages"}],"about":[{"href":"https:\/\/animatsuri.eu\/2024\/wp-json\/wp\/v2\/types\/page"}],"author":[{"embeddable":true,"href":"https:\/\/animatsuri.eu\/2024\/wp-json\/wp\/v2\/users\/2"}],"replies":[{"embeddable":true,"href":"https:\/\/animatsuri.eu\/2024\/wp-json\/wp\/v2\/comments?post=904"}],"version-history":[{"count":11,"href":"https:\/\/animatsuri.eu\/2024\/wp-json\/wp\/v2\/pages\/904\/revisions"}],"predecessor-version":[{"id":1742,"href":"https:\/\/animatsuri.eu\/2024\/wp-json\/wp\/v2\/pages\/904\/revisions\/1742"}],"wp:featuredmedia":[{"embeddable":true,"href":"https:\/\/animatsuri.eu\/2024\/wp-json\/wp\/v2\/media\/999"}],"wp:attachment":[{"href":"https:\/\/animatsuri.eu\/2024\/wp-json\/wp\/v2\/media?parent=904"}],"curies":[{"name":"wp","href":"https:\/\/api.w.org\/{rel}","templated":true}]}}